t is the tens digit of g?
1
Let c(q) be the second derivative of q**5/20 - 5*q**4/12 - q**3/6 + q**2/2 + q. Let o be c(5). Let t = -2 - o. What is the units digit of t?
2
What is the tens digit of (-7)/((-7)/(-39))*-1?
3
Suppose -5*n - 5 = -w + 4*w, -5 = w. Let j(m) = -3*m + m**3 + 5 + 4*m**2 + 4*m - 3*m**n. What is the units digit of j(0)?
5
Suppose 0 = -5*n - 3*g - 135, -4*n - 137 + 29 = 4*g. Let y be ((-2)/(-3))/((-6)/n). Suppose 3*a - y - 3 = 0. What is the units digit of a?
2
Let n(t) = -3*t + 7. What is the units digit of n(-9)?
4
Suppose -i + 127 = 3*n, -4*n + 0*i = -i - 167. Suppose -3*x + n = -x. What is the tens digit of x?
2
Let i(a) = 2*a**2 + 5*a + 10. What is the tens digit of i(-7)?
7
Let r(g) = g**2 + 2*g - 2. Let d be r(-4). Suppose 7*a - 4*a - d = 0. What is the units digit of a?
2
Let k(y) = 3*y - 3. Let s be k(-4). Suppose 3*j + 13 = u, 5*j - 47 = -3*u + 34. Let l = s + u. What is the units digit of l?
7
Let j be 4/(-10) - 224/(-10). Let u = j + -3. Let m = u + -9. What is the tens digit of m?
1
Suppose 8 = -z - 10. Suppose -3*x + 2*h - 8 = 21, h + 18 = -x. Let d = x - z. What is the units digit of d?
5
Suppose 3*t + v = 17, -6*t = -2*t + v - 24. Suppose 3*b - 9 = 0, 4*b = -o + t*b. What is the units digit of o?
9
Let a(z) = z**3 - 7*z**2 - 10*z + 5. Let g be a(8). What is the tens digit of (-5 + 3 + 1)*g?
1
Let p(x) = -x**3 - 7*x**2 - 10*x - 7. Let r be p(-6). Suppose 4*b - r = -1. Suppose -4*i + 4*j = -48, 0 = 5*i - j - 52 + b. What is the units digit of i?
9
Suppose -m - 456 = -4*m. Suppose 0 = -3*y, -5*y + y = 4*i - m. What is the units digit of i?
8
Let c = 13 - 9. Suppose 3*y = -8 - 1. What is the units digit of (2/y)/(c/(-12))?
2
Suppose -5*t + 8 = -87. What is the tens digit of t?
1
Let k = 409 - 80. What is the hundreds digit of k?
3
What is the units digit of 295/(-20)*(-2 + -2)?
9
Suppose -2*k = -w + 4, 5*k - w + 11 + 5 = 0. Let y(b) = b**2 + 2*b - 2. What is the units digit of y(k)?
6
Let i(q) = 20*q - 21. What is the units digit of i(7)?
9
Suppose 9*g = 8*g + 26. What is the units digit of g?
6
Suppose 3*l = l - 5*n - 167, 4*n + 20 = 0. Let j = l - -114. What is the units digit of j?
3
Let x be 7/1*6/(-7). Let j be (x/7)/((-3)/21). Let s(n) = n + 1. What is the units digit of s(j)?
7
Suppose 0 = -4*u + u + 15. Let y be (-4)/((-32)/14)*8. Suppose -u*b + y = -21. What is the units digit of b?
7
Let d(z) = -z**2 + z. Let u be d(0). Suppose u = -3*o + 8 - 2. What is the units digit of (-1)/(o*2/(-24))?
6
Let y = 417 - 120. What is the tens digit of y?
9
Suppose n - 38 = -4*o, 3*n - 2*n - 29 = -o. What is the tens digit of n?
2
Let d(i) = 38*i**3 - i**2 + 2*i - 1. What is the tens digit of d(1)?
3
Let m = 10 + -6. What is the units digit of m*4/8 - -6?
8
Let c(r) = 6*r - 1. Let z be c(1). Suppose -w = -z*n + 18, -5*w = n + 4 + 8. What is the units digit of n?
3
Suppose -x - x = -12. Let b(i) = -2*i**3 - i**2 - 3*i + 16. Let r(p) = -p**3 - p**2 - 2*p + 8. Let g(u) = -6*b(u) + 11*r(u). What is the units digit of g(x)?
4
Suppose 5*d - 4*j = 29 - 2, -5*j + 45 = 5*d. Let p be 23/d + 4/(-14). What is the units digit of 3/2*(-1 + p)?
3
Let p(a) = -a**2 - 3. Let m be p(0). Let s be m/(0 - (-3)/(-6)). What is the units digit of 1*6*s/4?
9
Suppose -2*z = -g + 27, 0 = 5*z + 5*g + 5 + 40. What is the tens digit of (-2*z/1)/1?
2
Let f(u) = u**2 + 8*u. What is the units digit of f(-9)?
9
Let q(n) be the first derivative of n**3/3 - 4*n**2 + 4*n + 1. Let z be q(8). Suppose -3*y + 5*v + 16 = -2, -z*v = 0. What is the units digit of y?
6
Suppose 6*a + 552 = 10*a. What is the hundreds digit of a?
1
Suppose 4*c = 5 + 55. Let v = c + -13. What is the units digit of v?
2
Let l(v) = 2*v**2 + 16*v - 14*v - v**2. What is the units digit of l(-5)?
5
Suppose -2*g + 5*y - 2*y + 208 = 0, -2 = -y. Suppose 4*r + g = 3*k, -2*k + r = -4*r - 76. What is the units digit of k?
3
Suppose -7*l = -208 - 1150. What is the units digit of l?
4
Suppose -231 = -3*z + 3. What is the tens digit of z?
7
Let p(f) = -f**3 + 6*f**2 + 3. Let n be p(6). Suppose 39 = 3*q + 3*u, 0 = q + n*u - 16 - 3. What is the units digit of q?
0
Let p(x) = x**3 - 6*x**2 + 6*x - 7. Let l be p(5). Let m = 15 - 9. What is the units digit of l/m*(0 + -15)?
5
Let x = 4 + 2. What is the units digit of 16 - (x/3 - 2)?
6
Let o = -2 - -21. Suppose 5 = 3*d - o. What is the units digit of d?
8
Suppose 2*d = -6 + 20. What is the units digit of d + (4 + -2 - 1)?
8
Let j(t) = t + 4. Suppose -1 = 5*o - 41. What is the units digit of j(o)?
2
Suppose -238 + 730 = 4*i. What is the units digit of i?
3
Suppose 4*y - 4*c - 16 = 0, c - 39 = -5*y - 13. Let q = 13 - 11. Suppose 0 = -y*o + 4*x + 42, 4*o + q*x = 5*x + 33. What is the units digit of o?
6
Let t(k) = k**2 + 5*k. What is the tens digit of t(-8)?
2
Let k = 131 + -27. What is the units digit of k?
4
What is the tens digit of (-8)/(-6)*117/6?
2
Let t(z) = -4*z**3 + z**2 + 2*z + 1. Let p be t(-1). Suppose -2*h + 87 = 4*l + 17, 2*h - p*l = 38. What is the tens digit of h?
2
Let r(a) = 4*a**2 - 5*a + 3. What is the tens digit of r(9)?
8
Let u = -118 + 217. What is the tens digit of u?
9
Suppose 4*b - 10 = 2*b. Let n = 16 - b. What is the tens digit of n?
1
Suppose 95 = 5*w + 4*o + 25, 0 = 2*w + o - 31. What is the units digit of w?
8
Suppose -4*l - 5*n + 27 = -18, 4*n = 2*l + 10. Let o be (-13)/(-2)*6/3. Suppose l*h - o = 27. What is the units digit of h?
8
Let p = -48 - -45. Let c = 5 - -3. Let r = p + c. What is the units digit of r?
5
Let s = -11 + 15. Suppose -3*p - s*q + 1 = -4, 4*p + 5*q - 7 = 0. What is the units digit of p?
3
Let x = 14 - 9. Suppose 0 = x*f + o - 4, 5*f - 3*f + 2*o = 0. What is the units digit of f?
1
Let h(f) = f**3 - 7*f**2 + 8*f - 1. Let l be h(6). Let k = l - 7. Suppose -4*b - k*a + 15 = a, -3*a = 3. What is the units digit of b?
5
Suppose 3*a = 3 + 3. Suppose -a*s + 12 = 2*s. Suppose n = -c + s, -c + 0*c + 11 = -n. What is the units digit of c?
7
Let y be (-2)/(-2) + -4 + 3. Let p be -2*2 - y/(-2). Let i(j) = j**3 + 4*j**2 - j + 4. What is the units digit of i(p)?
8
Let i = 20 - 19. What is the units digit of i?
1
Let o be ((-15)/5)/((-3)/2). Suppose 0 = -v - 4*v + o*b + 39, 5*v + b - 48 = 0. What is the units digit of v?
9
Suppose 20 + 39 = m. What is the tens digit of m?
5
Let h be (24 + -16)/(-1*2). Let k(i) = i**3 + 4*i**2 - 2*i - 2. Let g be k(-3). What is the units digit of (-2)/h - g/(-2)?
7
What is the units digit of 107 + (1 - 6 - (-9 - -5))?
6
Let n(t) = -3*t - 3. Let r be n(-2). Let k = r - 1. What is the units digit of 153/21 - k/7?
7
Let x be 6/(-4 + 1) + -10. Let l = 1 - x. What is the units digit of l?
3
Suppose 36 + 169 = 5*b. Let g = 58 - b. What is the tens digit of g?
1
Let v = -2 - -4. Let r = v - -1. Suppose 2*l + m - 12 = 0, -14 = -r*l - m + 5. What is the units digit of l?
7
Let b be (-48)/(-10) + 8/40. Let w(h) = h**2 - 4*h + 6. Let j be w(4). Let m = j - b. What is the units digit of m?
1
Let k(n) = -n**3 - 5*n**2 - 7*n - 6. Let x = -1 - 0. Let m(g) = 3*g**3 - g**2 + g + 1. Let t be m(x). What is the units digit of k(t)?
6
Suppose 4*s = s + 3. Suppose -5*k = -15 - 20. What is the units digit of s/(3/k)*3?
7
Suppose -1825 = -5*t - 230. What is the units digit of t?
9
Let z(k) = -k**2 + 9*k - 9. Let f = -11 + 18. What is the units digit of z(f)?
5
Let a(s) be the third derivative of -s**5/60 - s**4/4 + 2*s**3/3 - s**2. Suppose v = -4*u - 20, -u + 0 = v + 2. What is the units digit of a(u)?
4
Suppose -2*b = -78 + 14. What is the tens digit of b?
3
Let g be (24/(-20))/((-2)/(-10)). Let w be (5 + g)/(1/(-5)). Suppose 2*u - 20 = -w*c, 3*c + 16 = c + 4*u. What is the units digit of c?
2
Let s(o) = -8 + 4*o - o**3 + 0*o**3 - 2*o + 6*o**2. Suppose -2*r + 4 = -2*g - 0, 0 = 5*r + 4*g - 46. What is the units digit of s(r)?
4
Suppose 0 = -161*s + 165*s - 544. What is the units digit of s?
6
Let q(n) = n**3 - 8*n**2 + 7*n + 7. Suppose 6 = 3*u - 15. What is the units digit of q(u)?
7
Let m(j) = -j**2 - 6*j + 5. Suppose -5*s - 6 = 19. What is the tens digit of m(s)?
1
Let v be (-1)/(1*4/(-8)). Suppose 0*j - 5*l + 45 = 5*j, 0 = -4*j + v*l + 6. What is the units digit of j?
4
Let f(c) be the third derivative of c**2 + 0 - 1/6*c**3 + 0*c**4 + 0*c - 1/20*c**5 - 1/120*c**6. What is the units digit of f(-4)?
5
Su